ime factors of 18003967?
61, 71, 4157
What are the prime factors of 1858642?
2, 389, 2389
List the prime factors of 3777058.
2, 67, 71, 397
List the prime factors of 8791563.
3, 11, 266411
What are the prime factors of 418694?
2, 209347
List the prime factors of 753328.
2, 197, 239
What are the prime factors of 520676?
2, 13, 17, 19, 31
List the prime factors of 1619338.
2, 7, 23, 47, 107
List the prime factors of 2093450.
2, 5, 149, 281
What are the prime factors of 877503?
3, 11, 26591
What are the prime factors of 7675068?
2, 3, 639589
What are the prime factors of 11410796?
2, 2852699
List the prime factors of 3451062.
2, 3, 575177
What are the prime factors of 5473670?
2, 5, 31, 17657
List the prime factors of 200.
2, 5
List the prime factors of 2258716.
2, 564679
List the prime factors of 9900426.
2, 3, 17, 29, 3347
What are the prime factors of 160066?
2, 163, 491
List the prime factors of 20782440.
2, 3, 5, 7, 2749
What are the prime factors of 321229?
139, 2311
List the prime factors of 1105721.
383, 2887
List the prime factors of 10823969.
13, 832613
List the prime factors of 37778308.
2, 19, 179, 2777
What are the prime factors of 33192858?
2, 3, 5532143
What are the prime factors of 113220?
2, 3, 5, 17, 37
List the prime factors of 2502298.
2, 17, 73597
What are the prime factors of 197572?
2, 49393
List the prime factors of 11103864.
2, 3, 127, 3643
List the prime factors of 128818.
2, 29, 2221
What are the prime factors of 18890696?
2, 11, 214667
List the prime factors of 804603.
3, 67, 4003
List the prime factors of 8819048.
2, 7, 157483
What are the prime factors of 2900319?
3, 17, 29, 37, 53
What are the prime factors of 3648398?
2, 13, 23, 6101
List the prime factors of 29027.
29027
List the prime factors of 1067289.
3, 355763
What are the prime factors of 217870?
2, 5, 21787
What are the prime factors of 887688?
2, 3, 12329
What are the prime factors of 1610117?
19, 83, 1021
List the prime factors of 9775436.
2, 11, 29, 47, 163
What are the prime factors of 101125?
5, 809
List the prime factors of 564919.
564919
What are the prime factors of 2870919?
3, 19, 103, 163
What are the prime factors of 216329?
216329
What are the prime factors of 11992846?
2, 31, 193433
What are the prime factors of 159337?
159337
List the prime factors of 8449475.
5, 137, 2467
What are the prime factors of 422536?
2, 52817
List the prime factors of 426494.
2, 213247
What are the prime factors of 2974467?
3, 37, 127, 211
What are the prime factors of 29026993?
127, 228559
What are the prime factors of 10794?
2, 3, 7, 257
List the prime factors of 173247.
3, 17, 43, 79
What are the prime factors of 8870233?
2557, 3469
What are the prime factors of 36906?
2, 3, 6151
List the prime factors of 122092.
2, 131, 233
List the prime factors of 153912.
2, 3, 11, 53
List the prime factors of 2182110.
2, 3, 5, 7, 10391
List the prime factors of 2554147.
37, 69031
List the prime factors of 11747986.
2, 17, 23, 83, 181
List the prime factors of 1813004.
2, 31, 14621
List the prime factors of 133664.
2, 4177
List the prime factors of 173997.
3, 19333
What are the prime factors of 191847?
3, 63949
List the prime factors of 255167.
11, 23197
What are the prime factors of 11152647?
3, 11, 12517
List the prime factors of 5071136.
2, 7, 22639
List the prime factors of 760668.
2, 3, 63389
What are the prime factors of 4279558?
2, 67, 109, 293
What are the prime factors of 4616631?
3, 512959
What are the prime factors of 3964802?
2, 1982401
List the prime factors of 1155283.
313, 3691
List the prime factors of 628510.
2, 5, 62851
What are the prime factors of 139298?
2, 17, 241
List the prime factors of 1007670.
2, 3, 5, 33589
List the prime factors of 269286.
2, 3, 37, 1213
What are the prime factors of 10398221?
37, 281033
What are the prime factors of 42387?
3, 71, 199
What are the prime factors of 587047?
29, 31, 653
List the prime factors of 25331.
73, 347
List the prime factors of 221878.
2, 110939
What are the prime factors of 28057120?
2, 5, 7, 13, 41, 47
List the prime factors of 20702743.
20702743
List the prime factors of 3751743.
3, 269, 4649
What are the prime factors of 1259473?
59, 21347
List the prime factors of 200689.
200689
List the prime factors of 32288.
2, 1009
What are the prime factors of 126458?
2, 53, 1193
What are the prime factors of 2774660?
2, 5, 7, 19819
What are the prime factors of 728558?
2, 67, 5437
What are the prime factors of 3751690?
2, 5, 375169
List the prime factors of 167739.
3, 11, 13, 17, 23
What are the prime factors of 1246892?
2, 41, 7603
List the prime factors of 201835.
5, 37, 1091
What are the prime factors of 3497059?
229, 15271
List the prime factors of 17840768.
2, 11, 12671
What are the prime factors of 2771082?
2, 3, 153949
List the prime factors of 214891.
214891
List the prime factors of 2661241.
11, 241931
List the prime factors of 6036984.
2, 3, 19, 1471
What are the prime factors of 2092007?
1019, 2053
List the prime factors of 779763.
3, 61, 4261
List the prime factors of 154247.
154247
What are the prime factors of 346156?
2, 86539
What are the prime factors of 45114?
2, 3, 73, 103
List the prime factors of 6798954.
2, 3, 1133159
List the prime factors of 3402499.
17, 233, 859
List the prime factors of 25975.
5, 1039
What are the prime factors of 998601?
3, 127, 2621
What are the prime factors of 207981?
3, 7703
What are the prime factors of 503500?
2, 5, 19, 53
What are the prime factors of 1354930?
2, 5, 23, 43, 137
What are the prime factors of 10905245?
5, 13, 17, 71, 139
List the prime factors of 1614932.
2, 11, 17, 127
What are the prime factors of 24566000?
2, 5, 71, 173
What are the prime factors of 121297?
11, 11027
What are the prime factors of 711062?
2, 11, 32321
List the prime factors of 2194000.
2, 5, 1097
List the prime factors of 966268.
2, 241567
What are the prime factors of 519968?
2, 16249
List the prime factors of 175737.
3, 58579
List the prime factors of 7727526.
2, 3, 331, 1297
What are the prime factors of 560106?
2, 3, 29, 37
List the prime factors of 26574.
2, 3, 43, 103
What are the prime factors of 1871999?
991, 1889
List the prime factors of 10091365.
5, 23, 87751
What are the prime factors of 5023888?
2, 313993
What are the prime factors of 749597?
463, 1619
List the prime factors of 2506314.
2, 3, 417719
What are the prime factors of 6927303?
3, 881, 2621
What are the prime factors of 76206?
2, 3, 13, 977
List the prime factors of 290152.
2, 36269
What are the prime factors of 2834537?
59, 107, 449
What are the prime factors of 70580?
2, 5, 3529
What are the prime factors of 100512?
2, 3, 349
What are the prime factors of 94314?
2, 3, 11, 1429
List the prime factors of 750224.
2, 46889
What are the prime factors of 6551598?
2, 3, 383, 2851
List the prime factors of 253823.
253823
List the prime factors of 5201917.
7, 743131
What are the prime factors of 2025293?
59, 34327
What are the prime factors of 2694038?
2, 1347019
What are the prime factors of 1011203?
373, 2711
What are the prime factors of 1613958?
2, 3, 268993
What are the prime factors of 20677578?
2, 3, 211, 16333
What are the prime factors of 486776?
2, 71, 857
What are the prime factors of 14648018?
2, 7, 11, 8647
List the prime factors of 86178.
2, 3, 53, 271
What are the prime factors of 151018?
2, 7, 23, 67
What are the prime factors of 21939110?
2, 5, 19, 115469
List the prime factors of 14210658.
2, 3, 7, 11, 10253
List the prime factors of 241765.
5, 48353
List the prime factors of 125378.
2, 11, 41, 139
List the prime factors of 11534970.
2, 3, 5, 103, 3733
List the prime factors of 6212099.
107, 58057
What are the prime factors of 5211494?
2, 2605747
List the prime factors of 3327380.
2, 5, 7, 23767
What are the prime factors of 2246868?
2, 3, 13, 4801
List the prime factors of 201369.
3, 7, 43, 223
List the prime factors of 1121024.
2, 29, 151
What are the prime factors of 7006062?
2, 3, 7, 31, 5381
What are the prime factors of 3698429?
7, 307, 1721
List the prime factors of 4470362.
2, 13, 171937
List the prime factors of 652673.
7, 93239
List the prime factors of 27717141.
3, 881, 10487
List the prime factors of 2161427.
2161427
What are the prime factors of 216839?
7, 30977
List the prime factor